{"id":10525,"date":"2025-05-16T14:33:28","date_gmt":"2025-05-16T12:33:28","guid":{"rendered":"https:\/\/dev.imupro.ch\/?post_type=ufaq&#038;p=10525"},"modified":"2025-06-11T09:59:05","modified_gmt":"2025-06-11T07:59:05","slug":"possono-alcuni-sintomi-peggiorare-inizialmente-quando-il-mio-organismo-rilascia-per-esempio-alcune-tossine","status":"publish","type":"ufaq","link":"https:\/\/imupro.ch\/it\/ufaqs\/possono-alcuni-sintomi-peggiorare-inizialmente-quando-il-mio-organismo-rilascia-per-esempio-alcune-tossine\/","title":{"rendered":"Possono alcuni sintomi peggiorare inizialmente quando il mio organismo rilascia per esempio alcune tossine?"},"content":{"rendered":"<style>.ewd-ufaq-post-margin-symbol { border-width: 0px !important; }.ewd-ufaq-faq-title .ewd-ufaq-post-margin-symbol span { font-size: 20px !important; }<\/style><div  class=\"ewd-ufaq-faq-list ewd-ufaq-page-type-load_more ewd-ufaq-category-tabs- ewd-ufaq-faq-category-title-accordion\" id='ewd-ufaq-faq-list'>\n\n\t<input type='hidden' name='show_on_load' value='' id='ewd-ufaq-show-on-load' \/>\n<input type='hidden' name='include_category' value='' id='ewd-ufaq-include-category' \/>\n<input type='hidden' name='exclude_category' value='' id='ewd-ufaq-exclude-category' \/>\n<input type='hidden' name='orderby' value='date' id='ewd-ufaq-orderby' \/>\n<input type='hidden' name='order' value='asc' id='ewd-ufaq-order' \/>\n<input type='hidden' name='post_count' value='-1' id='ewd-ufaq-post-count' \/>\n<input type='hidden' name='current_url' value='\/it\/wp-json\/wp\/v2\/ufaq\/10525' id='ewd-ufaq-current-url' \/>\n\t\n\t\n\t<div class='ewd-ufaq-faqs'>\n\n\t\t<div  class=\"ewd-ufaq-faq-div ewd-ufaq-faq-column-count-one ewd-ufaq-faq-responsive-columns-1 ewd-ufaq-faq-display-style-default ewd-ufaq-can-be-toggled\" id='ewd-ufaq-post-10525-hULFfV56Rk' data-post_id='10525'>\n\n\t\t\n\t<div class='ewd-ufaq-faq-title ewd-ufaq-faq-toggle'>\n\t\n\t<a class='ewd-ufaq-post-margin'  href='#' role=\"button\">\n\n\t\t<div class='ewd-ufaq-post-margin-symbol ewd-ufaq-square'>\n\t\t\t<span >A<\/span>\n\t\t<\/div>\n\n\t\t<div class='ewd-ufaq-faq-title-text'>\n\n\t\t\t<h4>\n\t\t\t\tPossono alcuni sintomi peggiorare inizialmente quando il mio organismo rilascia per esempio alcune tossine?\t\t\t<\/h4>\n\n\t\t<\/div>\n\n\t\t<div class='ewd-ufaq-clear'><\/div>\n\n\t<\/a>\n\t\n<\/div>\n\t\n\t<div class='ewd-ufaq-faq-body' >\n\n\t\t\n\t\t\t\n\t\t\n\t\t\t<div class='ewd-ufaq-post-margin ewd-ufaq-faq-post'>\n\t\n<p class=\"wp-block-paragraph\">Questo aspetto \u00e8 molto soggettivo. Pu\u00f2 succedere ma non \u00e8 molto frequente. Abbiamo notato che questo tipo di reazione si pu\u00f2 verificare quando le persone smettono di bere il caff\u00e8, specialmente nelle persone che ne consumavano elevate quantit\u00e0 regolarmente, Queste persone ci hanno segnalato un aumento del mal di testa durante la prima settimana ma dopo una decina di giorni il mal di testa \u00e8 cessato definitivamente.<\/p>\n<\/div>\n\t\t\n\t\t\t<div class='ewd-ufaq-faq-custom-fields'>\n\n\t\n<\/div>\n\t\t\n\t\t\t\n\t\t\n\t\t\t\n\t\t\n\t\t\t\n\t\t\n\t\t\t\n\t\t\n\t\t\t<div class='ewd-ufaq-permalink'>\n\t\n\t<a href='https:\/\/imupro.ch\/it\/ufaqs\/possono-alcuni-sintomi-peggiorare-inizialmente-quando-il-mio-organismo-rilascia-per-esempio-alcune-tossine\/'>\n\t\t\n\t\tPermalink\t\t\t\n\t<\/a>\n\n<\/div>\n\t\t\n\t\t\t\n\t\t\n\t\t\t\n\t\t\n\t<\/div>\n\n<\/div>\n\t<\/div>\n\n\t\n<\/div>","protected":false},"excerpt":{"rendered":"<p>A Possono alcuni sintomi peggiorare inizialmente quando il mio organismo rilascia per esempio alcune tossine? Questo aspetto \u00e8 molto soggettivo. Pu\u00f2 succedere ma non \u00e8 molto frequente. Abbiamo notato che questo tipo di reazione si pu\u00f2 verificare quando le persone smettono di bere il caff\u00e8, specialmente nelle persone che ne consumavano elevate quantit\u00e0 regolarmente, Queste [&hellip;]<\/p>\n","protected":false},"author":1,"featured_media":0,"comment_status":"closed","ping_status":"closed","template":"","meta":{"_acf_changed":false,"_seopress_titles_title":"","_seopress_titles_desc":"","_seopress_robots_index":"","_seopress_robots_follow":"","_seopress_robots_imageindex":"","_seopress_robots_snippet":"","_seopress_robots_primary_cat":"","_seopress_robots_breadcrumbs":"","_seopress_robots_freeze_modified_date":"","_seopress_robots_custom_modified_date":"","_seopress_robots_canonical":"","_seopress_social_fb_title":"","_seopress_social_fb_desc":"","_seopress_social_fb_img":"","_seopress_social_fb_img_attachment_id":0,"_seopress_social_fb_img_width":0,"_seopress_social_fb_img_height":0,"_seopress_social_twitter_title":"","_seopress_social_twitter_desc":"","_seopress_social_twitter_img":"","_seopress_social_twitter_img_attachment_id":0,"_seopress_social_twitter_img_width":0,"_seopress_social_twitter_img_height":0,"_seopress_redirections_value":"","_seopress_redirections_enabled":"","_seopress_redirections_enabled_regex":"","_seopress_redirections_logged_status":"both","_seopress_redirections_param":"","_seopress_redirections_type":301,"_seopress_analysis_target_kw":"","_kad_blocks_custom_css":"","_kad_blocks_head_custom_js":"","_kad_blocks_body_custom_js":"","_kad_blocks_footer_custom_js":"","site-sidebar-layout":"default","site-content-layout":"","ast-site-content-layout":"default","site-content-style":"default","site-sidebar-style":"default","ast-global-header-display":"","ast-banner-title-visibility":"","ast-main-header-display":"","ast-hfb-above-header-display":"","ast-hfb-below-header-display":"","ast-hfb-mobile-header-display":"","site-post-title":"","ast-breadcrumbs-content":"","ast-featured-img":"","footer-sml-layout":"","ast-disable-related-posts":"","theme-transparent-header-meta":"","adv-header-id-meta":"","stick-header-meta":"","header-above-stick-meta":"","header-main-stick-meta":"","header-below-stick-meta":"","astra-migrate-meta-layouts":"set","ast-page-background-enabled":"default","ast-page-background-meta":{"desktop":{"background-color":"","background-image":"","background-repeat":"repeat","background-position":"center center","background-size":"auto","background-attachment":"scroll","background-type":"","background-media":"","overlay-type":"","overlay-color":"","overlay-opacity":"","overlay-gradient":""},"tablet":{"background-color":"","background-image":"","background-repeat":"repeat","background-position":"center center","background-size":"auto","background-attachment":"scroll","background-type":"","background-media":"","overlay-type":"","overlay-color":"","overlay-opacity":"","overlay-gradient":""},"mobile":{"background-color":"","background-image":"","background-repeat":"repeat","background-position":"center center","background-size":"auto","background-attachment":"scroll","background-type":"","background-media":"","overlay-type":"","overlay-color":"","overlay-opacity":"","overlay-gradient":""}},"ast-content-background-meta":{"desktop":{"background-color":"var(--ast-global-color-5)","background-image":"","background-repeat":"repeat","background-position":"center center","background-size":"auto","background-attachment":"scroll","background-type":"","background-media":"","overlay-type":"","overlay-color":"","overlay-opacity":"","overlay-gradient":""},"tablet":{"background-color":"var(--ast-global-color-5)","background-image":"","background-repeat":"repeat","background-position":"center center","background-size":"auto","background-attachment":"scroll","background-type":"","background-media":"","overlay-type":"","overlay-color":"","overlay-opacity":"","overlay-gradient":""},"mobile":{"background-color":"var(--ast-global-color-5)","background-image":"","background-repeat":"repeat","background-position":"center center","background-size":"auto","background-attachment":"scroll","background-type":"","background-media":"","overlay-type":"","overlay-color":"","overlay-opacity":"","overlay-gradient":""}}},"ufaq-category":[125],"ufaq-tag":[],"class_list":["post-10525","ufaq","type-ufaq","status-publish","hentry","ufaq-category-11-cosa-puo-succedere-quando-cambio-la-dieta"],"acf":[],"taxonomy_info":{"ufaq-category":[{"value":125,"label":"11. Cosa pu\u00f2 succedere quando cambio la dieta?"}]},"featured_image_src_large":false,"author_info":{"display_name":"marc","author_link":"https:\/\/imupro.ch\/it\/author\/marc\/"},"comment_info":0,"_links":{"self":[{"href":"https:\/\/imupro.ch\/it\/wp-json\/wp\/v2\/ufaq\/10525","targetHints":{"allow":["GET"]}}],"collection":[{"href":"https:\/\/imupro.ch\/it\/wp-json\/wp\/v2\/ufaq"}],"about":[{"href":"https:\/\/imupro.ch\/it\/wp-json\/wp\/v2\/types\/ufaq"}],"author":[{"embeddable":true,"href":"https:\/\/imupro.ch\/it\/wp-json\/wp\/v2\/users\/1"}],"replies":[{"embeddable":true,"href":"https:\/\/imupro.ch\/it\/wp-json\/wp\/v2\/comments?post=10525"}],"wp:attachment":[{"href":"https:\/\/imupro.ch\/it\/wp-json\/wp\/v2\/media?parent=10525"}],"wp:term":[{"taxonomy":"ufaq-category","embeddable":true,"href":"https:\/\/imupro.ch\/it\/wp-json\/wp\/v2\/ufaq-category?post=10525"},{"taxonomy":"ufaq-tag","embeddable":true,"href":"https:\/\/imupro.ch\/it\/wp-json\/wp\/v2\/ufaq-tag?post=10525"}],"curies":[{"name":"wp","href":"https:\/\/api.w.org\/{rel}","templated":true}]}}

<style>.ewd-ufaq-post-margin-symbol { border-width: 0px !important; }.ewd-ufaq-faq-title .ewd-ufaq-post-margin-symbol span { font-size: 20px !important; }</style><div  class="ewd-ufaq-faq-list ewd-ufaq-page-type-load_more ewd-ufaq-category-tabs- ewd-ufaq-faq-category-title-accordion" id='ewd-ufaq-faq-list'>

	<input type='hidden' name='show_on_load' value='' id='ewd-ufaq-show-on-load' />
<input type='hidden' name='include_category' value='' id='ewd-ufaq-include-category' />
<input type='hidden' name='exclude_category' value='' id='ewd-ufaq-exclude-category' />
<input type='hidden' name='orderby' value='date' id='ewd-ufaq-orderby' />
<input type='hidden' name='order' value='asc' id='ewd-ufaq-order' />
<input type='hidden' name='post_count' value='-1' id='ewd-ufaq-post-count' />
<input type='hidden' name='current_url' value='/it/wp-json/wp/v2/ufaq/10525' id='ewd-ufaq-current-url' />
	
	
	<div class='ewd-ufaq-faqs'>

		<div  class="ewd-ufaq-faq-div ewd-ufaq-faq-column-count-one ewd-ufaq-faq-responsive-columns-1 ewd-ufaq-faq-display-style-default ewd-ufaq-can-be-toggled" id='ewd-ufaq-post-10525-hULFfV56Rk' data-post_id='10525'>

		
	<div class='ewd-ufaq-faq-title ewd-ufaq-faq-toggle'>
	
	<a class='ewd-ufaq-post-margin'  href='#' role="button">

		<div class='ewd-ufaq-post-margin-symbol ewd-ufaq-square'>
			<span >A</span>
		</div>

		<div class='ewd-ufaq-faq-title-text'>

			<h4>
				Possono alcuni sintomi peggiorare inizialmente quando il mio organismo rilascia per esempio alcune tossine?			</h4>

		</div>

		<div class='ewd-ufaq-clear'></div>

	</a>
	
</div>
	
	<div class='ewd-ufaq-faq-body' >

		
			
		
			<div class='ewd-ufaq-post-margin ewd-ufaq-faq-post'>
	
<p class="wp-block-paragraph">Questo aspetto è molto soggettivo. Può succedere ma non è molto frequente. Abbiamo notato che questo tipo di reazione si può verificare quando le persone smettono di bere il caffè, specialmente nelle persone che ne consumavano elevate quantità regolarmente, Queste persone ci hanno segnalato un aumento del mal di testa durante la prima settimana ma dopo una decina di giorni il mal di testa è cessato definitivamente.</p>
</div>
		
			<div class='ewd-ufaq-faq-custom-fields'>

	
</div>
		
			
		
			
		
			
		
			
		
			<div class='ewd-ufaq-permalink'>
	
	<a href='https://imupro.ch/it/ufaqs/possono-alcuni-sintomi-peggiorare-inizialmente-quando-il-mio-organismo-rilascia-per-esempio-alcune-tossine/'>
		
		Permalink			
	</a>

</div>
		
			
		
			
		
	</div>

</div>
	</div>

	
</div>

<p>A Possono alcuni sintomi peggiorare inizialmente quando il mio organismo rilascia per esempio alcune tossine? Questo aspetto è molto soggettivo. Può succedere ma non è molto frequente. Abbiamo notato che questo tipo di reazione si può verificare quando le persone smettono di bere il caffè, specialmente nelle persone che ne consumavano elevate quantità regolarmente, Queste [&hellip;]</p>

11. Cosa può succedere quando cambio la dieta?
